*3 + c**2 - 3*c + 9. Suppose -10*o + 36 = 8*o. Is i(o) a prime number?
False
Let t(a) = 13 - 2 - 800*a + 37 - 270*a + 5. Is t(-5) composite?
True
Let u = 9423 + -4733. Let f be (5 + (3 - 3))/1. Suppose 4*k + 0*b = 3*b + u, f*k - 3*b = 5861. Is k composite?
False
Is (376078/(-129))/((-20)/6870) a composite number?
True
Suppose q + 0 = -b - 21, 5*q = -b - 97. Is 3343*1*(q - -20) a composite number?
False
Suppose k - u = 18167, -4*k + 42141 = 2*u - 30503. Let j = k - 10940. Is j composite?
True
Let i(h) = h**2 + 10*h + 2. Let c be i(-10). Suppose c*w + 1208 = 20814. Is w prime?
True
Is (21/14 + -2)*(-4 - 51942) composite?
True
Suppose -678098 = -810*f + 808*f. Is f prime?
True
Suppose x = -3*x - 72. Let s be (45/(-12)*x)/(9/12). Suppose 0 = 2*v - 2*o - 172, -v + s = -3*o + o. Is v prime?
False
Suppose -177*l - 21683058 + 88900401 = 0. Is l composite?
True
Suppose 17*v - 14*v + 3*k - 1007088 = 0, 5*v = 2*k + 1678473. Is v prime?
False
Suppose 6*w - 7 = x + 5*w, -5*w - 46 = 4*x. Let c be x/2*2*(-45)/1. Suppose 98 = y - c. Is y prime?
True
Suppose 95*n + 3388045 = 186*n - 25205338. Is n prime?
True
Suppose -4*b = -2*q + 65154, b + 62456 + 2701 = 2*q. Is q a composite number?
False
Suppose 0 = 3*z + 2*s - 7157, 5*z - 4*z - 3*s = 2371. Let m = z - 284. Is m composite?
False
Let r(s) = 3*s + 4*s**3 - 4*s**2 - 4*s + 1009 - 1006. Let y be 6/(-15) + (-22)/(-5). Is r(y) a prime number?
True
Suppose 3*n - 8*n = -15, 126358 = 5*v - 4*n. Is v prime?
False
Let u = -17552 + 4434. Let m = -6831 - u. Is m a prime number?
True
Let k(i) = -2222*i + 3473. Is k(-10) prime?
True
Suppose 2398 + 1721 = 3*o + 3*h, 0 = 3*h - 3. Let p = o - 633. Is p a prime number?
True
Suppose 0*j - 100655 + 673902 = j. Is j prime?
True
Let c = 299024 - 125551. Is c prime?
True
Let x be 4/(-7) - 2249722/161. Let h = -5239 - x. Is h composite?
True
Let v(h) = -15436*h + 4. Let y be v(-2). Suppose -2*b = -2*t + 4*t - 15438, 0 = -4*b + 5*t + y. Is b/15 - 6/10 composite?
True
Let v = -892014 - -1937363. Is v composite?
False
Suppose 7 = -2*j - 6053. Let g = 1114 + j. Let a = 2718 + g. Is a prime?
False
Let q(a) = 157*a**2 + 9*a + 13. Is q(-12) prime?
False
Let s(a) = -a**3 - 20*a + 185231. Is s(0) composite?
True
Let p = -56926 - -90199. Suppose -p = 6*g - 15*g. Is g prime?
True
Let s(z) = -z**3 - 23*z**2 + 35*z - 17. Let v be s(-25). Suppose 363*h - v*h - 1015 = 0. Is h a composite number?
True
Suppose 0*d = -2*d + 2*y + 115796, 0 = -4*d - y + 231592. Is 1 + (-40)/36 + d/9 prime?
False
Suppose -2*l + 3*t + 5 = -18, -5*l = 2*t - 48. Let v(k) = 29*k - 79. Is v(l) a composite number?
False
Let q(r) = 27*r**3 - 3*r**2 + 5*r - 7. Let b be q(2). Suppose 219 = -i + b. Is 3/(i/24*(-6)/491) composite?
False
Let s(o) = -5*o - 24. Let h(k) = k + 1. Let q be h(-5). Let l be s(q). Is ((-2)/l)/(0 - 3/(-1266)) composite?
False
Let s(i) be the second derivative of 170*i**3/3 + 67*i**2/2 - 4*i + 28. Is s(3) a composite number?
False
Suppose 2*p = -2*r - 766, 3*p + 1487 = -4*r + 8*p. Let g = 5329 - 1728. Let n = g + r. Is n composite?
True
Is ((-268602)/(-30) - -10)*(-340)/(-12) a prime number?
False
Suppose -y + 30 = -5*s, -4*s + 10 = -y + 34. Let z be (-4)/s - 3/9*-7. Suppose 4*w + 395 + 1271 = z*x, 0 = 5*x + 4*w - 2830. Is x a composite number?
True
Let s = 41 + -42. Let c be (7 - 6)/(s/177). Let o = -28 - c. Is o a prime number?
True
Let s = 500 + -349. Let c = s - -6. Is c a composite number?
False
Suppose -2*w = -2320 + 120. Let z = w - 349. Is z a prime number?
True
Let i be -10*(2 + (-12)/(-15)). Let t be ((-3)/(-6))/((-2)/i). Is ((-573)/(-4))/(t - 822/120) a prime number?
False
Let a = 64 - 16. Let u = -37 + a. Let j(w) = w**3 - w**2 - 16*w + 15. Is j(u) a composite number?
False
Let k(j) be the first derivative of -19*j**5/20 - j**4/12 + j**3/2 + j**2/2 + 13*j + 2. Let l(r) be the first derivative of k(r). Is l(-2) a prime number?
False
Suppose 11*n = 2*n - 27. Let d be 1 + 6/(-9)*n. Suppose 332 = d*w + 47. Is w a composite number?
True
Let t(m) = -2138*m**2 - 13*m + 18. Let a(q) = -2136*q**2 - 13*q + 19. Let g(o) = 3*a(o) - 4*t(o). Is g(2) prime?
False
Let c = 25693 + 90270. Is c a composite number?
False
Suppose -6971*u + 6970*u = -422243. Is u a composite number?
False
Suppose 25*k = 30*k - 165. Suppose 0 = -v + 12*v - k. Suppose 43 = 2*u - v. Is u a prime number?
True
Let w(d) = 3*d + 2819 + 2*d - 37*d. Is w(0) a composite number?
False
Suppose 0 = -216*g + 219*g - 6, 4*y - 28454 = 3*g. Is y a prime number?
False
Suppose s + 5*s - 4*g = 2*s + 71404, 4*g = 0. Is s composite?
False
Suppose 171*n - 82397096 = -3*n + 38*n. Is n a prime number?
True
Let u = 1377 - 2320. Let i = u - -1986. Is i a composite number?
True
Let b(h) = -h**3 + 8*h**2 + 19*h + 10. Suppose -2*r = 5 - 25. Let z be b(r). Suppose 2*f + 5*f - 1337 = z. Is f composite?
False
Suppose -3*c - 4 = -4*c - 5*r, -5*r + 8 = 2*c. Suppose -5*k + 974 = -146. Suppose -c*u = -k - 412. Is u a composite number?
True
Suppose -3623370 - 16545 = -45*l - 265770. Is l prime?
False
Suppose 4*v - 518 = -5*g - 1496, 998 = -4*v + 5*g. Let q(j) = 177*j - 4. Let p be q(2). Let l = v + p. Is l composite?
False
Let t = -95951 + 158248. Is t composite?
False
Let r = 245089 - 34434. Is r prime?
False
Let q = -26 + 29. Suppose f + 3*m + m = 4, -m = -q*f + 25. Is ((-1738)/(-3))/(f/12) prime?
False
Let v = 199 - 194. Suppose 2*g + 316 + 438 = 4*b, -g + v = 0. Is b composite?
False
Suppose -5*j + 4*n = -7025, 3*j = n + 2038 + 2177. Suppose -6*q + 11803 = j. Is q a composite number?
False
Is -177677*2*101/(-202) a composite number?
False
Suppose -18 + 3 = -5*y. Suppose -5*k = 3*g - 23079, 0 = 3*g + 4*k - 30444 + 7365. Suppose g = 4*h + y*h. Is h a composite number?
True
Suppose 0 = 102*n - 95*n + 28. Is (-22677)/n - (-8)/(-32) prime?
True
Suppose -4*p - 20 = 0, 14*p - 13*p + 2189 = 4*g. Suppose -5*y - 603 - 862 = 0. Let z = g + y. Is z a composite number?
True
Let n be (-7)/(8 - 92/8) - -13. Let l(q) = 10 + 10*q + 4 + 0*q**2 + 3*q**2. Is l(n) prime?
True
Let n(w) = 19 + 6*w - w - w - 6*w. Let k be n(7). Is 304 + (10/5 - k) prime?
False
Suppose 5*r - 4*z - 35041 = 0, 4*r - r + z = 21011. Suppose -3*i = 3*x - r, -44*i + 45*i + 4664 = 2*x. Is x a prime number?
True
Suppose 12 = -2*i - 8. Let q = -5 - i. Suppose -a - 4877 = -q*a - 3*m, 2426 = 2*a + 4*m. Is a a composite number?
False
Suppose 3*o - 5*i = 33, 3*i = -2*i - 15. Let f(k) = 2*k**3 - 7 + 8*k - 8*k**2 + 4*k**2 - 7*k. Is f(o) a prime number?
False
Let v(l) be the second derivative of -765*l**3 - 7*l**2/2 + 33*l. Is v(-1) composite?
False
Suppose -4*c - 5 = -9*l + 14*l, -2*l = -c - 11. Suppose 0 = 5*t + 20, 0*k + 4*k + l*t - 16408 = 0. Is k prime?
False
Let n(f) = 2552*f**3 + 8*f**2 - 75*f + 413. Is n(6) composite?
False
Let b(y) = 36257*y + 6766. Is b(5) a composite number?
True
Let q(a) = 230*a**3 - a**2 + 3*a - 1. Let k be q(1). Is 5 + 168*11/(k/288) a prime number?
True
Let k be (-50)/20*(-56124)/10. Is (319/(-33) - -10)*1*k a prime number?
False
Let r(q) = 1062*q**2 + 64*q + 51. Is r(-18) a composite number?
True
Let d(w) = -74*w**2 - 9 + 448*w**2 - 4*w + 14. Is d(3) a composite number?
False
Let p = -271 - -271. Is (-456137)/22*(p - 2) a composite number?
False
Suppose z + a = -1, 3*z - 44 + 39 = -a. Suppose 0 = 3*u + 15, z*m - u - 22280 = 2934. Is m a composite number?
True
Suppose 3*t + 42 = z, -13*z + 18*z - 270 = 3*t. Suppose z*x = 58*x - 841. Is x a prime number?
False
Let v(h) = -h**2 - 20*h - 52. Let x be v(-17). Is 8467/((0 - x) + 0) prime?
True
Let c(s) be the first derivative of 7*s**3 + 3*s**2/2 - 11*s + 2. Let a be (-2)/(2 - 3)*10/4. Is c(a) prime?
False
Suppose 0 = 11*g - 177228 - 285245. Is g a composite number?
False
Let d(s) be the first derivative of 10*s**3 - 7*s**2 - 23*s + 67. Is d(-9) composite?
True
Let z = 834576 + -293675. Is z a prime number?
True
Let g be 7309 + 1*(0 + -4 + 7). Suppose -4*z - 4*m = -45848, -g = -z + 3*m + 4170. Is z composite?
False
Let t(b) be the first derivative of -25*b**2/2 - 2*b - 3. Let c be t(-14). Let f = c + -163. Is f composite?
True
Let a = 559560 + 306533. Is a composite?
False
Let l(t) = 9813*t + 805. Is l(2) a composite number?
False
Suppose 3*g - 10 = -2*h - 0, -h = 5*g - 12. Suppose -5*b = 4*v - 3*v - 6689, 0 = -g*b + 5*v + 2654. Is b prime?